{"id":1075,"date":"2021-07-05T11:21:42","date_gmt":"2021-07-05T09:21:42","guid":{"rendered":"http:\/\/labalu.fr\/?page_id=1075"},"modified":"2021-07-23T15:58:33","modified_gmt":"2021-07-23T13:58:33","slug":"confluent","status":"publish","type":"page","link":"https:\/\/labalu.fr\/index.php\/confluent\/","title":{"rendered":"LYCEE CONFLUENT"},"content":{"rendered":"<div  data-label=\"Overlappable\" data-id=\"overlappable--1\" data-export-id=\"overlappable-1\" data-category=\"overlappable\" class=\"overlappable-1 content-section content-section-spacing content-relative\" data-overlap=\"true\" id=\"overlappable-1\" style=\"background-color: rgba(255, 255, 255, 0); background-image: none;\"><div  class=\"gridContainer\"> <div  data-type=\"row\" class=\"row shadow-medium center-sm content-center-sm\"> <div  data-type=\"column\" class=\"col-xs-12 col-sm-4 flexcol col-padding col-padding-small-xs col-md-4 bg-color7\"> <i  class=\"fa icon fa-bookmark big color-white\"><\/i>   <h2  class=\"\"><span  style=\"color: rgb(255, 255, 255);\">RAFFIN<\/span><\/h2><\/div><div  data-type=\"column\" class=\"col-xs-12 col-sm-4 flexcol col-padding col-padding-small-xs inverted col-md-4 bg-color19\"><i  class=\"fa icon fa-cubes white\"><\/i>   <h2  class=\"\">166K<\/h2><\/div> <div  data-type=\"column\" class=\"col-xs-12 col-sm-4 flexcol col-padding col-padding-small-xs inverted col-md-4 bg-color8\"><i  class=\"fa icon fa-map-marker color-white\"><\/i>   <h2  class=\"\">LYON<\/h2><\/div> <\/div><\/div> <\/div><div  data-label=\"Content\" data-id=\"content--2\" data-export-id=\"content-15\" data-category=\"content\" class=\"content-15 content-section content-section-spacing\" id=\"content-2\" style=\"background-color: rgb(245, 250, 253);\"><div  class=\"gridContainer\"> <div  class=\"row middle-sm\"><div  class=\"col-sm-6 flexbox around-xs top-xs space-bottom-xs space-top-xs\"> <div  class=\"overlay-box flexbox middle-xs center-xs overlay-holder\"><div  class=\"overlay-box-offset offset-border shadow-medium border-color2 hide-xs\"><\/div> <img  class=\"flexbox shadow-large img1\" data-size=\"500x500\" src=\"http:\/\/labalu.fr\/wp-content\/uploads\/2021\/07\/cropped-confluent-1-\u00a9Chabanne-Architecte.jpg\" alt=\"\" title=\"cropped-confluent-1-\u00a9Chabanne-Architecte.jpg\"><\/div> <\/div> <div  class=\"col-sm-6\" data-type=\"column\"> <h2  class=\"\">Nos missions<\/h2> <p  class=\"\">&nbsp;\u2022 Pose de tous les ch\u00e2ssis b\u00e2timent A\/B et C<br >&nbsp;\u2022 Fa\u00e7ade Nord en applique int\u00e9rieur sur b\u00e9ton<br >&nbsp;\u2022 Fa\u00e7ade Sud\/Est et Ouest sur MOB<br >&nbsp;\u2022 Pose de Mur Rideaux RDC B\u00e2timent A\/B et C<br >&nbsp;\u2022 Pose des bavettes et \u00e9tanch\u00e9it\u00e9<br >&nbsp;\u2022 Pose de 294 M\u00e9talunic sur ch\u00e2ssis MOB<br >&nbsp;\u2022 Pose des ch\u00e2ssis Atrium<br >&nbsp;\u2022 Pose de 5 ch\u00e2ssis de d\u00e9senfumage Atrium et un ch\u00e2ssis \u00e0 ventelle&nbsp; \n<br >&nbsp;&nbsp;&nbsp; hors raccordement<br >&nbsp;\u2022 Pose MR passerelle entre b\u00e2timent B et C<br >&nbsp;\u2022 Pose des ch\u00e2ssis RDC B\u00e2timent B et C<\/p> <\/div> <\/div><\/div> <\/div><div  data-label=\"Gallery\" data-id=\"gallery--1\" data-export-id=\"gallery-1\" data-category=\"gallery\" class=\"gallery-1 content-section content-section-spacing\" id=\"gallery-1\" style=\"background-color: rgb(255, 255, 255);\"><div  class=\"gridContainer\"> <div  class=\"row\"><div  class=\"section-title-col\" data-type=\"column\"> <h2  class=\"\">D\u00e9couvrez nos photos\n<\/h2> <\/div> <\/div> <div  class=\"row text-center\"> <div  class=\"col-xs-12\" data-editable=\"true\" data-content-shortcode=\"mesmerize_gallery id=&quot;mesmerize-gallery-1&quot; columns=&quot;4&quot; ids=&quot;1082,1083,1084&quot; lb=&quot;1&quot; masonry=&quot;1&quot; size=&quot;medium&quot; link=&quot;file&quot; \"><div id='mesmerize-gallery-1' class='gallery-wrapper'><style type=\"text\/css\">\n                    @media only screen and (min-width: 768px) {\n                    [data-unique-id='mesmerize-gallery-1-69ece1a13aa54'] dl {\n                        float: left;\n                        width: 25% !important;\n                        max-width:  25% !important;\n                        min-width:  25% !important;\n                    }\n\n                    [data-unique-id='mesmerize-gallery-1-69ece1a13aa54'] dl:nth-of-type(4n +1 ) {\n                      clear: both;\n                      }\n                    }\n                <\/style><div id='mesmerize-gallery-1' class='mesmerize-gallery-1-dls-wrapper gallery-items-wrapper materialis-gallery' data-unique-id='mesmerize-gallery-1-69ece1a13aa54'><dl class='gallery-item'>\n\t\t\t<dt class='gallery-icon landscape'>\n\t\t\t\t<a data-fancybox=\"mesmerize-gallery-1-group\" href='https:\/\/labalu.fr\/wp-content\/uploads\/2021\/07\/Lycee-Confluent-C1_Vue-Tram.jpg'><img  width=\"300\" height=\"200\" src=\"https:\/\/labalu.fr\/wp-content\/uploads\/2021\/07\/Lycee-Confluent-C1_Vue-Tram-300x200.jpg\"  class='mesmerize-gallery-1-image' alt=\"\" loading=\"lazy\" srcset=\"https:\/\/labalu.fr\/wp-content\/uploads\/2021\/07\/Lycee-Confluent-C1_Vue-Tram-300x200.jpg 300w, https:\/\/labalu.fr\/wp-content\/uploads\/2021\/07\/Lycee-Confluent-C1_Vue-Tram-768x512.jpg 768w, https:\/\/labalu.fr\/wp-content\/uploads\/2021\/07\/Lycee-Confluent-C1_Vue-Tram.jpg 900w\" sizes=\"(max-width: 300px) 100vw, 300px\" \/><\/a>\n\t\t\t<\/dt><\/dl><dl class='gallery-item'>\n\t\t\t<dt class='gallery-icon landscape'>\n\t\t\t\t<a data-fancybox=\"mesmerize-gallery-1-group\" href='https:\/\/labalu.fr\/wp-content\/uploads\/2021\/07\/chabanne-lyon-lycee-confluent-5-1192x770-1.jpg'><img  width=\"300\" height=\"194\" src=\"https:\/\/labalu.fr\/wp-content\/uploads\/2021\/07\/chabanne-lyon-lycee-confluent-5-1192x770-1-300x194.jpg\"  class='mesmerize-gallery-1-image' alt=\"\" loading=\"lazy\" srcset=\"https:\/\/labalu.fr\/wp-content\/uploads\/2021\/07\/chabanne-lyon-lycee-confluent-5-1192x770-1-300x194.jpg 300w, https:\/\/labalu.fr\/wp-content\/uploads\/2021\/07\/chabanne-lyon-lycee-confluent-5-1192x770-1-1024x661.jpg 1024w, https:\/\/labalu.fr\/wp-content\/uploads\/2021\/07\/chabanne-lyon-lycee-confluent-5-1192x770-1-768x496.jpg 768w, https:\/\/labalu.fr\/wp-content\/uploads\/2021\/07\/chabanne-lyon-lycee-confluent-5-1192x770-1.jpg 1192w\" sizes=\"(max-width: 300px) 100vw, 300px\" \/><\/a>\n\t\t\t<\/dt><\/dl><dl class='gallery-item'>\n\t\t\t<dt class='gallery-icon landscape'>\n\t\t\t\t<a data-fancybox=\"mesmerize-gallery-1-group\" href='https:\/\/labalu.fr\/wp-content\/uploads\/2021\/07\/confluent-1-\u00a9Chabanne-Architecte-1.jpg'><img  width=\"300\" height=\"154\" src=\"https:\/\/labalu.fr\/wp-content\/uploads\/2021\/07\/confluent-1-\u00a9Chabanne-Architecte-1-300x154.jpg\"  class='mesmerize-gallery-1-image' alt=\"\" loading=\"lazy\" srcset=\"https:\/\/labalu.fr\/wp-content\/uploads\/2021\/07\/confluent-1-\u00a9Chabanne-Architecte-1-300x154.jpg 300w, https:\/\/labalu.fr\/wp-content\/uploads\/2021\/07\/confluent-1-\u00a9Chabanne-Architecte-1-1024x525.jpg 1024w, https:\/\/labalu.fr\/wp-content\/uploads\/2021\/07\/confluent-1-\u00a9Chabanne-Architecte-1-768x393.jpg 768w, https:\/\/labalu.fr\/wp-content\/uploads\/2021\/07\/confluent-1-\u00a9Chabanne-Architecte-1.jpg 1181w\" sizes=\"(max-width: 300px) 100vw, 300px\" \/><\/a>\n\t\t\t<\/dt><\/dl>\n\t\t\t\n\t\t<\/div>\n<script>(function($){window.MaterialisCaptionsGallery && window.MaterialisCaptionsGallery($('[data-unique-id=\"mesmerize-gallery-1-69ece1a13aa54\"]'))})(jQuery)<\/script><\/div><\/div><\/div> <\/div><\/div>","protected":false},"excerpt":{"rendered":"<p>RAFFIN 166K LYON Nos missions &nbsp;\u2022 Pose de tous les ch\u00e2ssis b\u00e2timent A\/B et C&nbsp;\u2022 Fa\u00e7ade Nord en applique int\u00e9rieur sur b\u00e9ton&nbsp;\u2022 Fa\u00e7ade Sud\/Est et Ouest sur MOB&nbsp;\u2022 Pose de Mur Rideaux RDC B\u00e2timent A\/B et C&nbsp;\u2022 Pose des bavettes et \u00e9tanch\u00e9it\u00e9&nbsp;\u2022 Pose de 294 M\u00e9talunic sur ch\u00e2ssis MOB&nbsp;\u2022 Pose des ch\u00e2ssis Atrium&nbsp;\u2022 Pose de&hellip; <br \/> <a class=\"read-more\" href=\"https:\/\/labalu.fr\/index.php\/confluent\/\">Lire la suite<\/a><\/p>\n","protected":false},"author":1,"featured_media":0,"parent":0,"menu_order":0,"comment_status":"closed","ping_status":"closed","template":"pro\/page-templates\/full-width-page.php","meta":[],"_links":{"self":[{"href":"https:\/\/labalu.fr\/index.php\/wp-json\/wp\/v2\/pages\/1075"}],"collection":[{"href":"https:\/\/labalu.fr\/index.php\/wp-json\/wp\/v2\/pages"}],"about":[{"href":"https:\/\/labalu.fr\/index.php\/wp-json\/wp\/v2\/types\/page"}],"author":[{"embeddable":true,"href":"https:\/\/labalu.fr\/index.php\/wp-json\/wp\/v2\/users\/1"}],"replies":[{"embeddable":true,"href":"https:\/\/labalu.fr\/index.php\/wp-json\/wp\/v2\/comments?post=1075"}],"version-history":[{"count":4,"href":"https:\/\/labalu.fr\/index.php\/wp-json\/wp\/v2\/pages\/1075\/revisions"}],"predecessor-version":[{"id":1205,"href":"https:\/\/labalu.fr\/index.php\/wp-json\/wp\/v2\/pages\/1075\/revisions\/1205"}],"wp:attachment":[{"href":"https:\/\/labalu.fr\/index.php\/wp-json\/wp\/v2\/media?parent=1075"}],"curies":[{"name":"wp","href":"https:\/\/api.w.org\/{rel}","templated":true}]}}