{"id":130,"date":"2020-09-24T17:24:23","date_gmt":"2020-09-24T15:24:23","guid":{"rendered":"http:\/\/labalu.fr\/?page_id=130"},"modified":"2021-07-26T15:43:59","modified_gmt":"2021-07-26T13:43:59","slug":"location","status":"publish","type":"page","link":"https:\/\/labalu.fr\/index.php\/location\/","title":{"rendered":"Nos engins"},"content":{"rendered":"<div  data-label=\"Introduction\" data-id=\"features--1\" data-export-id=\"features-12\" data-category=\"features\" class=\"features-12 content-section content-section-spacing \" id=\"introduction\" style=\"background-color: rgb(255, 255, 255);\"><div  class=\"gridContainer\"><div  data-section-title-area=\"true\" class=\"row text-center\">   <div  class=\"section-title-col\" data-type=\"column\">       <h2  class=\"\">Nos locations de grues<\/h2>       <p  class=\"lead\">Nous vous proposons des moyens de levage afin de vous accompagner dans vos projets les plus techniques et vos chantiers les plus exigeants<\/p>   <\/div><\/div>  <div  class=\"row spaced-cols\" data-type=\"row\">  <div  class=\"col-sm-6\"><div  class=\"row space-bottom\"> <div  class=\"col-sm-fit icon-column\" data-preview-empty=\"1\"><\/div> <div  class=\"col-sm\" data-type=\"column\"> <\/div> <\/div><\/div>   <\/div><\/div> <\/div><div  data-label=\"Content\" data-id=\"content--1\" data-export-id=\"content-18\" data-category=\"content\" class=\"content-18 content-section content-section-spacing\" id=\"content-1\" style=\"background-color: rgb(245, 250, 253);\"><div  class=\"gridContainer\"> <div  class=\"row middle-sm\"><div  class=\"col-sm-6 flexbox around-xs top-xs space-bottom-xs space-top-xs\"> <div  class=\"overlay-box flexbox middle-xs center-xs overlay-holder\"><div  class=\"overlay-box-offset offset-background shadow-medium bg-color2 hide-xs\"><\/div> <img  class=\"flexbox shadow-large img1\" data-size=\"500x500\" src=\"http:\/\/labalu.fr\/wp-content\/uploads\/2021\/07\/cropped-Bocker_RK-36-2400_Einsatz_blau_Himmel_20160331-1-copie-1.jpg\" title=\"cropped-Bocker_RK-36-2400_Einsatz_blau_Himmel_20160331-1-copie-1.jpg\" alt=\"\"><\/div> <\/div> <div  class=\"col-sm-6 content-right-sm\" data-type=\"column\"> <h2  class=\"\" style=\"text-align: right;\">Grue Mobile Remorque BOCKER<\/h2> <p  class=\"\" style=\"text-align: right;\">Puissance maximale et dispose d\u2019une tr\u00e8s grande fl\u00e9xiblit\u00e9<\/p> <a class=\"button color8\" href=\"http:\/\/labalu.fr\/index.php\/grue-boecker\" target=\"_self\" data-cp-link=\"1\" data-icon=\"\" rel=\"noopener\">LEARN MORE<\/a><\/div> <\/div><\/div> <\/div><div  data-label=\"Content\" data-id=\"content--2\" data-export-id=\"content-17\" data-category=\"content\" class=\"content-17 content-section content-section-spacing\" id=\"content-2\" style=\"background-color: rgb(255, 255, 255);\"><div  class=\"gridContainer\"> <div  class=\"row middle-sm\"><div  class=\"col-sm-6 space-bottom-xs content-left-sm\" data-type=\"column\"> <h2  class=\"\" style=\"text-align: left;\">Grue araign\u00e9e COMPACT C6<\/h2> <p  class=\"\" style=\"text-align: left;\">Puissance maximale et dispose d\u2019une tr\u00e8s grande fl\u00e9xiblit\u00e9<\/p> <a class=\"button color8\" href=\"http:\/\/labalu.fr\/index.php\/grue-araignee\" target=\"_self\" data-cp-link=\"1\" data-icon=\"\" rel=\"noopener\">LEARN MORE<\/a><\/div> <div  class=\"col-sm-6 flexbox around-xs top-xs space-top-xs space-bottom-xs\"><div  class=\"overlay-box flexbox middle-xs center-xs overlay-holder\"> <div  class=\"overlay-box-offset offset-background shadow-medium bg-color2 hide-xs\"><\/div> <img  class=\"flexbox shadow-large img1\" data-size=\"500x500\" src=\"http:\/\/labalu.fr\/wp-content\/uploads\/2021\/07\/cropped-5bfeb1fb0c4d43.98205518-1.jpg\" title=\"cropped-5bfeb1fb0c4d43.98205518-1.jpg\" alt=\"\"><\/div> <\/div><\/div> <\/div><\/div><div  data-label=\"Features\" data-id=\"features--2\" data-export-id=\"features-13-card-bordered\" data-category=\"features\" class=\"features-13 content-section content-section-spacing\" id=\"features-1\" style=\"background-color: rgb(255, 255, 255); background-image: none;\"><div  class=\"gridContainer\"> <div  class=\"row text-center\"><div  class=\"section-title-col\" data-type=\"column\"> <h2  class=\"\">Nos tarifs<\/h2> <p  class=\"lead\">Pour tout renseigments sur les tarifs veuillez-nous contacter<\/p><\/div> <\/div> <div  class=\"row spaced-cols content-center-sm center-sm\" data-type=\"row\">   <div  class=\"col-sm-4 col-md-3\"> <div  class=\"card bordered y-move\" data-type=\"column\"> <i  class=\"fa icon fa-commenting-o reverse round big color7\"><\/i>   <a class=\"button y-move small color8\" href=\"http:\/\/labalu.fr\/index.php\/demande-de-devis\" target=\"_self\" data-cp-link=\"1\" data-icon=\"\" rel=\"noopener\">NOUS CONTACTER<\/a><\/div> <\/div><\/div> <\/div><\/div>","protected":false},"excerpt":{"rendered":"<p>Nos locations de grues Nous vous proposons des moyens de levage afin de vous accompagner dans vos projets les plus techniques et vos chantiers les plus exigeants Grue Mobile Remorque BOCKER Puissance maximale et dispose d\u2019une tr\u00e8s grande fl\u00e9xiblit\u00e9 LEARN MORE Grue araign\u00e9e COMPACT C6 Puissance maximale et dispose d\u2019une tr\u00e8s grande fl\u00e9xiblit\u00e9 LEARN MORE&hellip; <br \/> <a class=\"read-more\" href=\"https:\/\/labalu.fr\/index.php\/location\/\">Lire la suite<\/a><\/p>\n","protected":false},"author":1,"featured_media":0,"parent":0,"menu_order":0,"comment_status":"closed","ping_status":"closed","template":"pro\/page-templates\/full-width-page.php","meta":[],"_links":{"self":[{"href":"https:\/\/labalu.fr\/index.php\/wp-json\/wp\/v2\/pages\/130"}],"collection":[{"href":"https:\/\/labalu.fr\/index.php\/wp-json\/wp\/v2\/pages"}],"about":[{"href":"https:\/\/labalu.fr\/index.php\/wp-json\/wp\/v2\/types\/page"}],"author":[{"embeddable":true,"href":"https:\/\/labalu.fr\/index.php\/wp-json\/wp\/v2\/users\/1"}],"replies":[{"embeddable":true,"href":"https:\/\/labalu.fr\/index.php\/wp-json\/wp\/v2\/comments?post=130"}],"version-history":[{"count":37,"href":"https:\/\/labalu.fr\/index.php\/wp-json\/wp\/v2\/pages\/130\/revisions"}],"predecessor-version":[{"id":1263,"href":"https:\/\/labalu.fr\/index.php\/wp-json\/wp\/v2\/pages\/130\/revisions\/1263"}],"wp:attachment":[{"href":"https:\/\/labalu.fr\/index.php\/wp-json\/wp\/v2\/media?parent=130"}],"curies":[{"name":"wp","href":"https:\/\/api.w.org\/{rel}","templated":true}]}}